{"id":410,"date":"2018-11-24T11:38:12","date_gmt":"2018-11-24T10:38:12","guid":{"rendered":"http:\/\/www.societadiminerva.it\/demo\/?page_id=410"},"modified":"2018-11-24T15:43:22","modified_gmt":"2018-11-24T14:43:22","slug":"camillo-de-franceschi","status":"publish","type":"page","link":"https:\/\/www.societadiminerva.it\/demo\/camillo-de-franceschi\/","title":{"rendered":"&#8211; Camillo De Franceschi"},"content":{"rendered":"<h4>Camillo De Franceschi<\/h4>\n<p>(Parenzo 1868 \u2013 Venezia 1953)<\/p>\n<p><img loading=\"lazy\" decoding=\"async\" class=\"size-full wp-image-468 alignleft\" src=\"https:\/\/www.societadiminerva.it\/demo\/wp-content\/uploads\/2018\/11\/camillodefranceschi.jpg\" alt=\"\" width=\"220\" height=\"250\" \/>Storico e bibliotecario, figlio dello storico e patriota istriano Carlo. Autore di un\u2019ottantina di pubblicazioni storiche. Sono usciti postumi <em>Ricordi di biblioteca<\/em>(\u00abArcheografo Triestino\u00bb, 1959) e la poderosa <em>Storia documentata della Contea di Pisino<\/em>a cura del figlio Italo (Venezia 1963). Dopo aver prestato per trentacinque anni la sua opera qualificata ed appassionata presso la Biblioteca Civica di Trieste, dove era stato assunto nel 1894 su segnalazione di Giuseppe Caprin e Felice Venezian, nel 1929 accett\u00f2 l\u2019incarico direttivo offertogli dall\u2019amico Francesco Salata presso la Biblioteca provinciale ed il Museo Archeologico di Pola. Nel secondo dopoguerra si trasfer\u00ec a Venezia, ricoprendo la carica di presidente della Societ\u00e0 Istriana di Archeologia e Storia patria. La Minerva lo nomin\u00f2 allora socio onorario, e quindi presidente onorario, adoperandosi per il conferimento della laurea <em>Honoris causa, <\/em>e nel 1955 ottenne dal Comune che gli fosse intitolata la saletta di studio della Biblioteca Civica di Trieste della quale era stato lungamente \u2013 se non di nome, di fatto \u2013 direttore.<\/p>\n","protected":false},"excerpt":{"rendered":"<p>Camillo De Franceschi (Parenzo 1868 \u2013 Venezia 1953) Storico e bibliotecario, figlio dello storico e patriota istriano Carlo. Autore di un\u2019ottantina di pubblicazioni storiche. Sono usciti postumi Ricordi di biblioteca(\u00abArcheografo &hellip; <\/p>\n<p><a href=\"https:\/\/www.societadiminerva.it\/demo\/camillo-de-franceschi\/\" class=\"btn btn-readmore\">Leggi di pi\u00f9 <span class=\"screen-reader-text\"> &#8220;&#8211; Camillo De Franceschi&#8221;<\/span><\/a><\/p>\n","protected":false},"author":2,"featured_media":0,"parent":0,"menu_order":0,"comment_status":"closed","ping_status":"closed","template":"","meta":{"footnotes":""},"class_list":["post-410","page","type-page","status-publish","hentry"],"_links":{"self":[{"href":"https:\/\/www.societadiminerva.it\/demo\/wp-json\/wp\/v2\/pages\/410","targetHints":{"allow":["GET"]}}],"collection":[{"href":"https:\/\/www.societadiminerva.it\/demo\/wp-json\/wp\/v2\/pages"}],"about":[{"href":"https:\/\/www.societadiminerva.it\/demo\/wp-json\/wp\/v2\/types\/page"}],"author":[{"embeddable":true,"href":"https:\/\/www.societadiminerva.it\/demo\/wp-json\/wp\/v2\/users\/2"}],"replies":[{"embeddable":true,"href":"https:\/\/www.societadiminerva.it\/demo\/wp-json\/wp\/v2\/comments?post=410"}],"version-history":[{"count":3,"href":"https:\/\/www.societadiminerva.it\/demo\/wp-json\/wp\/v2\/pages\/410\/revisions"}],"predecessor-version":[{"id":479,"href":"https:\/\/www.societadiminerva.it\/demo\/wp-json\/wp\/v2\/pages\/410\/revisions\/479"}],"wp:attachment":[{"href":"https:\/\/www.societadiminerva.it\/demo\/wp-json\/wp\/v2\/media?parent=410"}],"curies":[{"name":"wp","href":"https:\/\/api.w.org\/{rel}","templated":true}]}}